 w(z)?
4
Let z(t) = 45*t**2 + 5*t - 2. What is the hundreds digit of z(2)?
1
Let w = 18 + -7. What is the units digit of w?
1
Suppose f = a - 0*a + 13, 4*f = -2*a + 34. Let i(k) = -22*k**3 + k**2 + 2*k + 1. Let q be i(-1). Let o = q - f. What is the tens digit of o?
1
Let t(u) be the third derivative of -u**6/60 - u**5/30 - u**4/8 - u**2. What is the units digit of t(-2)?
4
Let h be ((0 - -1) + 1)*1. Suppose -m + h = 2*a, 5*a + 4 = 3*m - m. What is the units digit of a - 1 - (-2 - 3)?
4
What is the units digit of ((-2)/(-8))/((78/3768)/13)?
7
Suppose -3*p + 2*z - 8 = -2*z, -3*z = 3*p - 27. Let o(u) = 4*u + 4. What is the tens digit of o(p)?
2
Let v(g) = 4*g - 17. What is the tens digit of v(14)?
3
Let k = 992 + -569. What is the units digit of k?
3
Let z(p) = -p**2 + 3*p - 2. Let i be z(2). Suppose 0*f = -l + 3*f + 3, -3*l - 4*f + 9 = i. What is the units digit of l/15 + 117/15?
8
What is the tens digit of (4 + 32)*3/2?
5
Let n = -29 - -51. What is the tens digit of n/1 - 0/2?
2
Let k be -32*(6/(-4) - -1). Suppose 0 = 8*c - 9*c + k. What is the units digit of c?
6
Suppose 5*t - 36 = -k, -k + 6*k = 5. Let w = 11 - t. What is the units digit of w?
4
What is the units digit of -4 - ((0 - -2) + -64)?
8
Suppose 2*y + 10 = -3*y. Let g = -1 - y. Let f = g - -2. What is the units digit of f?
3
Let v(u) = u**3 + 16*u**2 - 6*u - 37. What is the units digit of v(-16)?
9
Let d(f) = -2*f + f**3 - 3*f**2 - 1 + 2 + 0*f. Let k be d(4). Suppose 3*p + k = -2*x, -3*x - 3*p = 2*p + 16. What is the units digit of x?
3
Let c(b) = -b**2 - 8*b - b + 3*b + 5. What is the tens digit of c(-5)?
1
Let b = 4 - -16. Suppose 2*k + 52 = 2. What is the units digit of (b/k)/(1/(-5))?
4
Let c be -3 + (25 - (1 - 2)). Suppose c = 4*m + 3. Suppose -3*z - 22 = -m*z. What is the tens digit of z?
1
Let a = 0 - -4. What is the units digit of 11 + 1/((-2)/a)?
9
Let m(x) = -x - 2. Let v be m(-4). Let d = v - 4. What is the units digit of 1*(7/1 + d)?
5
Suppose -2*t + 0*t + 84 = 0. Suppose -4*u + 66 + t = 0. What is the units digit of u?
7
Let o(i) = -i**3 - 6*i**2 - 6*i - 3. Let u be o(-5). Suppose 21 = 3*f - u*f. What is the tens digit of f?
2
Let y = -3 - -5. Let c = -11 + y. Let v = c + 19. What is the tens digit of v?
1
Let i = 6 + -2. Suppose 0 = 3*x - i*m, -6 = 4*m - 18. Suppose -3*g + 2 = 2*o, 0 = 5*g + x*o + o + 5. What is the units digit of g?
4
Let o = 44 + -15. What is the tens digit of o?
2
Suppose -l + 124 = -5*l. Let p = -21 - l. What is the tens digit of p?
1
Suppose 2*g = 119 - 23. What is the tens digit of g?
4
Suppose 0*s - 60 = -3*s. What is the tens digit of s?
2
Let o be (12/30)/((-2)/(-20)). Suppose 4*x = 6*x - 24. Suppose -y = -3*n + x, 3*y - n = o*n - 16. What is the units digit of y?
3
Suppose 3 = -2*o + 7. Suppose 3*v + 2*u - 62 = -v, -5*v + o*u + 73 = 0. What is the tens digit of v?
1
Suppose -9 + 5 = 4*u. What is the tens digit of -1*(u + 0) + 13?
1
Let f = 17 - 27. Let u = -7 - f. Suppose -u*v = 2 - 11. What is the units digit of v?
3
Let z = 95 - -47. What is the hundreds digit of z?
1
Suppose 2*y = -5*f + 13, -5*f + y + y - 3 = 0. Let s = f - -8. Suppose r + 0*d - d - s = 0, 3*d = 4*r - 35. What is the units digit of r?
8
Let k(d) = d**3 - d**2 + d + 1. Let t(s) = 7*s**3 - 12*s**2 + 10*s + 6. Let x(h) = 6*k(h) - t(h). What is the units digit of x(5)?
5
Let j be (0 + 1)*(11 - 3). Let p = j + 3. What is the tens digit of p?
1
Let p(u) = -u**3 + 2*u + 3. Let g be p(-2). Let h be 40 - (-2 + (2 - 0)). Suppose -2*k - h = -g*k. What is the units digit of k?
8
Suppose 7*b = -50 + 155. What is the units digit of b?
5
Let o be 1*-1 - 1*-14. Let q(w) = 5 + 3*w**3 - 10*w + 7*w**2 - o - 2*w**3. What is the units digit of q(-8)?
8
Let f = 221 - 153. What is the tens digit of f?
6
Let p(j) = j**3 - 22*j**2 + 28*j - 22. What is the hundreds digit of p(21)?
1
What is the hundreds digit of (-1 + 102)*(0 + (-7)/(-7))?
1
What is the tens digit of (6 - -5 - 5)*(1 - -11)?
7
Suppose -4*b - 11 = -51. What is the units digit of b?
0
Let h be (7/14)/(2/8). Suppose -h*i - 10 = 4. Let k = 14 + i. What is the units digit of k?
7
Let m be (4 - 0)/((-2)/(-2)). Let i be (-2)/m + 20/(-8). What is the tens digit of i/9*-1*45?
1
Let t = 20 + 26. What is the tens digit of t?
4
Let c(d) = 8*d**3 + 2*d - 1. Let g be c(1). Let l be 12/(-9)*g/6. What is the units digit of (-1)/l - (-49)/14?
4
What is the tens digit of (-444)/8*3/((-9)/4)?
7
Let a(r) = 2*r**3 + 2*r - 3. Let c be a(3). Suppose 4*j + z - 170 = 0, -3*z - 63 = -3*j + c. What is the tens digit of j?
4
What is the tens digit of 68/6*(-33)/(-11)?
3
Let w(p) = -3*p + 1. Let k be w(-1). Let l(s) = -s + 5. Let a be l(k). What is the units digit of (-20)/(-3) + a/3?
7
Let g(b) = -60*b. Let y be g(1). Let u = 92 + y. What is the units digit of u?
2
Let r(o) = -o**3 - 12*o**2 - o + 26. What is the units digit of r(-12)?
8
Let f(x) = -x**2 + 9*x + 9. Let z be f(10). Let s = z - -4. What is the units digit of s?
3
Let v = -42 + 107. What is the units digit of v?
5
Suppose 5*k = 5*b - 20, -3*b = -8*b + k. Let g(o) = -34*o - 1. What is the units digit of g(b)?
3
Let t(i) = -24*i + 4. What is the tens digit of t(-4)?
0
Let y(m) = 3*m**2 - m. Let d be y(-1). Let f(r) = -r**3 + 3*r**2 + 2*r. Let k be f(d). Let v = -1 - k. What is the units digit of v?
7
Let u(a) = a**2 + a - 2. Suppose 2*q + 6 = 2*t, t = 3*q + 8 + 1. What is the units digit of u(q)?
4
Let u = 4 + -2. Let i be 0 + -4 + u + 9. Let y = 1 + i. What is the units digit of y?
8
Suppose -5*z - 15 + 0 = 0. Let j(h) = h**2 - 2*h - 3. Let a be j(z). Let m = a - 0. What is the units digit of m?
2
Suppose -3*b + 1 = -5. Suppose b*j - 12 = -5*w, 0*j - 4*j = -3*w + 28. What is the units digit of (-65)/(-10) + (-6)/w?
5
Let k(f) = -f**2 + 3*f - 1. Let o be k(4). Let t = 19 - o. What is the tens digit of t?
2
Suppose -7*p + 3*p = 4*n - 16, 5*n = -5. Suppose 0 = -k + 4*y + 28, -k + 0*k + 27 = -p*y. What is the tens digit of k?
3
Let x(z) = -z**3 + 4*z**2 + 3*z - 3. Suppose s + 4 + 3 = 0. Let m = s + 11. What is the units digit of x(m)?
9
Let d be (-2)/10 + (-78)/(-15). Let y = -24 + 27. Suppose q = 2*b + y + 4, -d*q + 48 = 3*b. What is the units digit of q?
9
Let h(w) be the second derivative of -w**3/6 + 3*w**2/2 - 2*w. Let m be h(0). Suppose 7*g - 2*g = m*o - 43, 2*o = 3*g + 27. What is the units digit of o?
6
Let x(s) = s**3 + 7*s**2 + 7*s. Let f be x(-6). Let c be (8/2)/(2/(-5)). Let q = f - c. What is the units digit of q?
4
Suppose -u - 18 - 104 = -x, 0 = x + 5*u - 146. What is the tens digit of x?
2
Let u = 599 + -208. What is the hundreds digit of u?
3
Suppose 2*c - 3*d = 3, -4 = 4*c + 5*d + 23. Let o be (c/(-2))/(2/(-4)). What is the units digit of ((-6)/4)/(o/12)?
6
Let c = -374 + 528. What is the tens digit of c?
5
What is the units digit of (-12)/(-42) - 276/(-14)?
0
What is the tens digit of (1 - -1 - (-9)/(-2))*-58?
4
Let p = 10 + 7. Let r = p - 10. What is the units digit of r?
7
Suppose 3*i + 76 + 44 = 0. Let l = 83 + i. What is the tens digit of l?
4
Suppose -220 = 8*u - 12*u. What is the units digit of u?
5
Suppose -2*i - 2 - 2 = 0. Let x = i - -23. What is the tens digit of x?
2
Suppose p - 18 = 4*q - p, 4*p = 4. What is the tens digit of (-114)/(q + 1) - 3?
3
Suppose -4*b + 8 = 0, -4*p - 8 + 42 = 5*b. What is the units digit of p?
6
Let h(l) = 7*l**2 + 11*l - 6. What is the units digit of h(3)?
0
Let q be (-4)/(-26) - 24/(-13). What is the units digit of -1 + (-1 - (-68)/q)?
2
Suppose -5*k + 18 = -102. Let j = k + -14. Let w = 16 - j. What is the units digit of w?
6
What is the tens digit of -4*4/24*-30?
2
Suppose 0 = 4*d - 0*d. Let a = 1 - d. Let t(s) = 8*s. What is the units digit of t(a)?
8
Let d be (8 + -7)*(62 + -1). Suppose -4*x = -n + 29, -5*x - d = 3*n - 7*n. What is the units digit of n?
9
Let c(i) = 2*i**2 + 10*i - 17. What is the tens digit of c(8)?
9
Let i = 7 - 5. Suppose 3*f - 12 + 41 = 4*v, -i*f - 16 = -2*v. What is the units digit of v?
5
Let v(s) be the first derivative of 0*s - 3 - 1/4*s**4 - s**2 + 4/3*s**3. What is the units digit of v(2)?
4
Suppose 5*c - 7 = 3. Suppose c*w = -9 + 31. What is the units digit of w?
1
Let w be (3 + -3)*(-1 - -2). Suppose -3*q + 3*m + 45 = 0, -5*q + 87 = m - w*m. What is the tens digit of q?
1
Suppose -6*o - 5*d = -4*o, 2*o = 